{"id":102,"date":"2012-12-02T16:56:37","date_gmt":"2012-12-02T15:56:37","guid":{"rendered":"http:\/\/christianrhein.de\/?page_id=102"},"modified":"2018-05-22T22:13:14","modified_gmt":"2018-05-22T21:13:14","slug":"inszenierungen","status":"publish","type":"page","link":"https:\/\/christianrhein.de\/?page_id=102","title":{"rendered":":: Inszenierungen"},"content":{"rendered":"<p><img loading=\"lazy\" decoding=\"async\" class=\"size-medium wp-image-178 alignnone\" title=\"secudo Messestand\" src=\"https:\/\/christianrhein.de\/wp-content\/uploads\/2012\/12\/secudo_Messestand-300x170.jpg\" alt=\"\" width=\"300\" height=\"170\" srcset=\"https:\/\/christianrhein.de\/wp-content\/uploads\/2012\/12\/secudo_Messestand-300x170.jpg 300w, https:\/\/christianrhein.de\/wp-content\/uploads\/2012\/12\/secudo_Messestand-470x265.jpg 470w, https:\/\/christianrhein.de\/wp-content\/uploads\/2012\/12\/secudo_Messestand-640x360.jpg 640w, https:\/\/christianrhein.de\/wp-content\/uploads\/2012\/12\/secudo_Messestand.jpg 750w\" sizes=\"auto, (max-width: 300px) 100vw, 300px\" \/><img loading=\"lazy\" decoding=\"async\" width=\"300\" height=\"170\" class=\"alignnone size-medium wp-image-144\" title=\"Festo Forum\" src=\"https:\/\/christianrhein.de\/wp-content\/uploads\/2012\/12\/Slideshow_FestoForum_09-300x170.jpg\" alt=\"\" srcset=\"https:\/\/christianrhein.de\/wp-content\/uploads\/2012\/12\/Slideshow_FestoForum_09-300x170.jpg 300w, https:\/\/christianrhein.de\/wp-content\/uploads\/2012\/12\/Slideshow_FestoForum_09.jpg 441w\" sizes=\"auto, (max-width: 300px) 100vw, 300px\" \/><img loading=\"lazy\" decoding=\"async\" width=\"300\" height=\"170\" class=\"alignnone size-medium wp-image-183\" title=\"METRO Messeinszenierung\" src=\"https:\/\/christianrhein.de\/wp-content\/uploads\/2012\/12\/METRO-Messeinszenierung-300x170.jpg\" alt=\"\" srcset=\"https:\/\/christianrhein.de\/wp-content\/uploads\/2012\/12\/METRO-Messeinszenierung-300x170.jpg 300w, https:\/\/christianrhein.de\/wp-content\/uploads\/2012\/12\/METRO-Messeinszenierung-470x265.jpg 470w, https:\/\/christianrhein.de\/wp-content\/uploads\/2012\/12\/METRO-Messeinszenierung-640x360.jpg 640w, https:\/\/christianrhein.de\/wp-content\/uploads\/2012\/12\/METRO-Messeinszenierung.jpg 750w\" sizes=\"auto, (max-width: 300px) 100vw, 300px\" \/><\/p>\n<p>Damit Ihr Unternehmen sich von seiner besten Seite zeigen kann, setze ich es auf Messen, in Showrooms oder Ausstellungen in Szene. Ich betreue Ihr Projekt von der Konzeption bis zur Umsetzung, und dar\u00fcber hinaus.<\/p>\n<p><strong>MEIN LEISTUNGSSPEKTRUM:<\/strong><\/p>\n<ul>\n<li><strong>Projektstart<\/strong>: Nach einer gr\u00fcndlichen Einarbeitung in Ihr Unternehmen, seine Branche und das Kundensegment konzipiere ich Ihren Unternehmensauftritt mit Fokus auf Storytelling und Erlebnis-Charakter.<\/li>\n<li><strong>Entwurfsphase<\/strong>: Ich briefe Designer und Messebauer und betreue die Entwurfsphase intensiv. Die einzelnen Schritte werden mit Ihnen abgestimmt.<\/li>\n<li><strong>Projektplanung<\/strong>: Messepr\u00e4sentationen m\u00fcssen gut vorbereitet sein. Ich erstelle Ausschreibungsunterlagen, betreue die Ausschreibung bis zur Auftragsvergabe und begleite den Messebau.<\/li>\n<li><strong>Realisierung:<\/strong> F\u00fcr eine akurate und p\u00fcnktliche Umsetzung Ihres Projektes koordiniere ich alle beteiligten Gewerke. Es finden regelm\u00e4\u00dfig Jour-fixe-Termine statt, um schnell und vorausschauend Entscheidungen treffen zu k\u00f6nnen.<\/li>\n<li><strong>Er\u00f6ffnung<\/strong>: Damit zur Er\u00f6ffnung Ihres Showrooms oder Messestands alles stimmt, k\u00fcmmere ich mich schon fr\u00fchzeitig um das Einladungsmanagement, Mitarbeiterschulungen f\u00fcr Produkte und Besucherf\u00fchrungen, Kontaktmanagement und die Gespr\u00e4chsauswertung. Vor Ort bin ich als Ansprechpartner jederzeit f\u00fcr Sie erreichbar.<\/li>\n<li><strong>Zeit- und Budgetmanagement<\/strong>: In allen Projektphasen \u00fcberwache ich die Timings und die Kosten.<\/li>\n<\/ul>\n<p>Copyright der Fotos: secudo GmbH; Walter Fogel; METRO AG<\/p>\n","protected":false},"excerpt":{"rendered":"<p>Damit Ihr Unternehmen sich von seiner besten Seite zeigen kann, setze ich es auf Messen, in Showrooms oder Ausstellungen in Szene. Ich betreue Ihr Projekt von der Konzeption bis zur Umsetzung, und dar\u00fcber hinaus. MEIN LEISTUNGSSPEKTRUM: Projektstart: Nach einer gr\u00fcndlichen Einarbeitung in Ihr Unternehmen, seine Branche und das Kundensegment konzipiere ich Ihren Unternehmensauftritt mit Fokus <a class=\"moretag\" href=\"https:\/\/christianrhein.de\/?page_id=102\">&rarr; Weiterlesen<\/a><\/p>\n","protected":false},"author":1,"featured_media":0,"parent":0,"menu_order":0,"comment_status":"closed","ping_status":"closed","template":"page-tpl-subpages.php","meta":{"ngg_post_thumbnail":0,"footnotes":""},"class_list":["post-102","page","type-page","status-publish","hentry"],"_links":{"self":[{"href":"https:\/\/christianrhein.de\/index.php?rest_route=\/wp\/v2\/pages\/102","targetHints":{"allow":["GET"]}}],"collection":[{"href":"https:\/\/christianrhein.de\/index.php?rest_route=\/wp\/v2\/pages"}],"about":[{"href":"https:\/\/christianrhein.de\/index.php?rest_route=\/wp\/v2\/types\/page"}],"author":[{"embeddable":true,"href":"https:\/\/christianrhein.de\/index.php?rest_route=\/wp\/v2\/users\/1"}],"replies":[{"embeddable":true,"href":"https:\/\/christianrhein.de\/index.php?rest_route=%2Fwp%2Fv2%2Fcomments&post=102"}],"version-history":[{"count":48,"href":"https:\/\/christianrhein.de\/index.php?rest_route=\/wp\/v2\/pages\/102\/revisions"}],"predecessor-version":[{"id":838,"href":"https:\/\/christianrhein.de\/index.php?rest_route=\/wp\/v2\/pages\/102\/revisions\/838"}],"wp:attachment":[{"href":"https:\/\/christianrhein.de\/index.php?rest_route=%2Fwp%2Fv2%2Fmedia&parent=102"}],"curies":[{"name":"wp","href":"https:\/\/api.w.org\/{rel}","templated":true}]}}